rs of 502425.
3, 5, 7, 11, 29
What are the prime factors of 8237955?
3, 5, 11, 49927
What are the prime factors of 5823424?
2, 19, 4789
List the prime factors of 166208.
2, 7, 53
List the prime factors of 23858239.
23858239
What are the prime factors of 6041887?
43, 71, 1979
List the prime factors of 152308.
2, 13, 29, 101
What are the prime factors of 228177?
3, 313
List the prime factors of 1173458.
2, 11, 13, 373
What are the prime factors of 1094196?
2, 3, 91183
List the prime factors of 66505.
5, 47, 283
What are the prime factors of 2075399?
317, 6547
List the prime factors of 992398.
2, 11, 79, 571
List the prime factors of 2697479.
2697479
List the prime factors of 12223109.
12223109
What are the prime factors of 5438472?
2, 3, 13, 17431
List the prime factors of 541.
541
What are the prime factors of 222279?
3, 74093
List the prime factors of 3989351.
3989351
What are the prime factors of 5276752?
2, 13, 23, 1103
What are the prime factors of 9765137?
73, 133769
List the prime factors of 776159.
776159
List the prime factors of 6910440.
2, 3, 5, 57587
List the prime factors of 428680.
2, 5, 7, 1531
What are the prime factors of 11524213?
11524213
List the prime factors of 420893.
11, 83, 461
What are the prime factors of 492958?
2, 103, 2393
What are the prime factors of 437112?
2, 3, 13, 467
What are the prime factors of 4463517?
3, 269, 5531
List the prime factors of 4281920.
2, 5, 13381
What are the prime factors of 658361?
11, 5441
List the prime factors of 11741924.
2, 19, 43, 3593
What are the prime factors of 1887014?
2, 433, 2179
What are the prime factors of 529883?
31, 17093
What are the prime factors of 208977?
3, 41, 1699
What are the prime factors of 2396549?
1109, 2161
What are the prime factors of 10632826?
2, 1597, 3329
What are the prime factors of 12912664?
2, 1614083
What are the prime factors of 6591402?
2, 3, 37, 3299
List the prime factors of 1076269.
269, 4001
What are the prime factors of 2798651?
2798651
What are the prime factors of 1891272?
2, 3, 78803
What are the prime factors of 895619?
229, 3911
List the prime factors of 1708728.
2, 3, 7, 1453
What are the prime factors of 62153?
7, 13, 683
What are the prime factors of 1823268?
2, 3, 151939
List the prime factors of 45972.
2, 3, 1277
What are the prime factors of 358039?
11, 269
What are the prime factors of 294094?
2, 147047
What are the prime factors of 10261435?
5, 199, 10313
List the prime factors of 228605.
5, 13, 3517
List the prime factors of 258042.
2, 3, 29, 1483
List the prime factors of 1961304.
2, 3, 71, 1151
What are the prime factors of 125638?
2, 62819
List the prime factors of 201398.
2, 100699
List the prime factors of 183870.
2, 3, 5, 227
What are the prime factors of 7019930?
2, 5, 19, 36947
What are the prime factors of 96988?
2, 24247
List the prime factors of 2428124.
2, 19, 43, 743
List the prime factors of 38145349.
11, 3467759
List the prime factors of 246522.
2, 3, 181, 227
What are the prime factors of 3183858?
2, 3, 79, 2239
What are the prime factors of 2066240?
2, 5, 11, 587
What are the prime factors of 102134?
2, 223, 229
What are the prime factors of 194734?
2, 97367
List the prime factors of 367491.
3, 122497
List the prime factors of 1067202.
2, 3, 19763
What are the prime factors of 557619?
3, 185873
What are the prime factors of 13837613?
1021, 13553
List the prime factors of 11717598.
2, 3, 1952933
What are the prime factors of 188884?
2, 47221
What are the prime factors of 120897?
3, 7, 19, 101
List the prime factors of 789256.
2, 13, 7589
List the prime factors of 209616.
2, 3, 11, 397
What are the prime factors of 1421289?
3, 79, 1999
List the prime factors of 8805096.
2, 3, 29, 4217
List the prime factors of 1306289.
1306289
List the prime factors of 159510.
2, 3, 5, 13, 409
List the prime factors of 5008191.
3, 19, 41, 2143
List the prime factors of 4654406.
2, 43, 54121
List the prime factors of 398874.
2, 3, 7, 9497
List the prime factors of 849671.
29, 83, 353
What are the prime factors of 141358?
2, 7, 23, 439
List the prime factors of 1000102.
2, 101, 4951
What are the prime factors of 107016?
2, 3, 7, 13
List the prime factors of 1389318.
2, 3, 7, 19, 1741
What are the prime factors of 3625615?
5, 7, 71, 1459
What are the prime factors of 3528604?
2, 19, 29, 1601
List the prime factors of 7215087.
3, 11, 131, 1669
What are the prime factors of 156901?
156901
List the prime factors of 2878188.
2, 3, 239849
What are the prime factors of 413311?
179, 2309
List the prime factors of 111160.
2, 5, 7, 397
What are the prime factors of 93440?
2, 5, 73
List the prime factors of 18558593.
18558593
What are the prime factors of 519329?
191, 2719
List the prime factors of 5009877.
3, 185551
What are the prime factors of 796111?
31, 61, 421
List the prime factors of 14575.
5, 11, 53
List the prime factors of 2918138.
2, 1459069
What are the prime factors of 389411?
11, 35401
List the prime factors of 1238591.
19, 47, 73
What are the prime factors of 216219?
3, 72073
What are the prime factors of 798899?
499, 1601
What are the prime factors of 434303?
434303
What are the prime factors of 1949032?
2, 29, 31, 271
What are the prime factors of 194075?
5, 7, 1109
What are the prime factors of 385843?
385843
List the prime factors of 1761372.
2, 3, 47, 347
List the prime factors of 2467207.
19, 129853
List the prime factors of 467014.
2, 37, 6311
List the prime factors of 755646.
2, 3, 125941
What are the prime factors of 20462175?
3, 5, 199, 457
What are the prime factors of 32050232?
2, 263, 15233
What are the prime factors of 411440?
2, 5, 37, 139
What are the prime factors of 251473?
251473
What are the prime factors of 2183079?
3, 359, 2027
List the prime factors of 2119770.
2, 3, 5, 2617
What are the prime factors of 693165?
3, 5, 11, 4201
What are the prime factors of 334674?
2, 3, 18593
What are the prime factors of 187749?
3, 23, 907
What are the prime factors of 1022920?
2, 5, 107, 239
What are the prime factors of 1313154?
2, 3, 72953
What are the prime factors of 162432?
2, 3, 47
List the prime factors of 20664302.
2, 47, 367, 599
What are the prime factors of 6965313?
3, 53, 71, 617
List the prime factors of 36548.
2, 9137
List the prime factors of 88522.
2, 7, 6323
List the prime factors of 19888352.
2, 11, 56501
List the prime factors of 1474328.
2, 184291
What are the prime factors of 1709718?
2, 3, 79, 3607
List the prime factors of 288777.
3, 96259
What are the prime factors of 6120158?
2, 11, 283, 983
What are the prime factors of 3163579?
3163579
What are the prime factors of 6521631?
3, 2173877
List the prime factors of 6134142.
2, 3, 7, 146051
What are the prime factors of 105445?
5, 21089
What are the prime factors of 38510?
2, 5, 3851
What are the prime factors of 487329?
3, 61, 2663
List the prime factors of 1123855.
5, 224771
List the prime factors of 453294.
2, 3, 25183
What are the prime factors of 334761?
3, 7, 19, 839
What are the prime factors of 797126?
2, 11, 19, 1907
List the prime factors of 37240.
2, 5, 7, 19
List the prime factors of 24114805.
5, 11, 13, 29, 1163
What are the prime factors of 253127?
7, 36161
List the prime factors of 176160.
2, 3, 5, 367
List the prime factors of 1678963.
11, 13, 59, 199
What are the prime factors of 351917?
17, 127, 163
List the prime factors of 1735159.
1735159
List the prime factors of 7554652.
2, 7, 67, 4027
List the prime factors of 236907.
3, 11, 2393
What are the prime factors of 894014?
2, 11, 40637
What are the prime factors of 1767708?
2, 3, 49103
What are the prime factors of 21795309?
3, 17, 142453
What are the prime factors of 15707580?
2, 3, 5, 7, 149, 251
List the prime factors of 3408974.
2, 1704487
List the prime factors of 1276959.
3, 425653
List the prime factors of 800423.
13, 23, 2677
List the prime factors of 22912183.
7, 3273169
List the prime factors of 4061576.
2, 507697
List the prime factors of 11247451.
31, 223, 1627
List the prime factors of 811452.
2, 3, 19, 3559
List the prime factors of 13735298.
2, 6867649
What are the prime factors of 708772?
2, 37, 4789
What are the prime factors of 33221071?
13, 59, 43313
List the prime factors of 1064291.
167, 6373
List the prime factors of 1122962.
2, 439, 1279
What are the pri